{"id":37,"date":"2013-02-06T10:51:16","date_gmt":"2013-02-06T10:51:16","guid":{"rendered":"http:\/\/www.colegioangloavare.com.br\/site\/?page_id=37"},"modified":"2026-03-20T15:06:10","modified_gmt":"2026-03-20T18:06:10","slug":"emails","status":"publish","type":"page","link":"https:\/\/www.colegioangloavare.com.br\/site\/contato\/emails\/","title":{"rendered":"Emails"},"content":{"rendered":"<h2><span style=\"color: #003366;\">E-mails<\/span><\/h2>\n<div>\n<table style=\"width: 70.4032%; height: 1204px;\" border=\"0\" cellspacing=\"0\" cellpadding=\"0\">\n<colgroup>\n<col width=\"188\" \/>\n<col width=\"116\" \/>\n<col width=\"191\" \/><\/colgroup>\n<tbody>\n<tr style=\"background-color: #1e73be;\">\n<td style=\"width: 18.4149%;\" height=\"20\"><span style=\"color: #ffffff;\">Departamento<\/span><\/td>\n<td style=\"width: 15.9175%;\"><span style=\"color: #ffffff;\">Respons\u00e1vel<\/span><\/td>\n<td style=\"width: 9.50496%;\"><span style=\"color: #ffffff;\">E-mail<\/span><\/td>\n<\/tr>\n<tr style=\"background-color: #c6cccc;\">\n<td style=\"width: 18.4149%;\" height=\"20\">Biblioteca<\/td>\n<td style=\"width: 15.9175%;\">Hetiane, Edson<\/td>\n<td style=\"width: 9.50496%;\"><a href=\"mailto:biblioteca@frea.edu.br\">biblioteca@frea.edu.br<\/a><\/td>\n<\/tr>\n<tr>\n<td style=\"width: 18.4149%;\" height=\"20\">CPD<\/td>\n<td style=\"width: 15.9175%;\">Erik<\/td>\n<td style=\"width: 9.50496%;\"><a href=\"mailto:cpd@frea.edu.br\">cpd@frea.edu.br<\/a><\/td>\n<\/tr>\n<tr style=\"background-color: #c6cccc;\">\n<td style=\"width: 18.4149%;\" height=\"20\">Dire\u00e7\u00e3o Col\u00e9gio<\/td>\n<td style=\"width: 15.9175%;\">Viviane Trench<\/td>\n<td style=\"width: 9.50496%;\"><a href=\"mailto:direcaocolegio@frea.edu.br\">direcaocolegio@frea.edu.br<\/a><\/td>\n<\/tr>\n<tr>\n<td style=\"width: 18.4149%;\" height=\"20\">Esporte Col\u00e9gio<\/td>\n<td style=\"width: 15.9175%;\"><\/td>\n<td style=\"width: 9.50496%;\"><a href=\"mailto:esportecolegio@frea.edu.br\">esportecolegio@frea.edu.br<\/a><\/td>\n<\/tr>\n<tr style=\"background-color: #c6cccc;\">\n<td style=\"width: 18.4149%;\" height=\"20\">Eventos Col\u00e9gio<\/td>\n<td style=\"width: 15.9175%;\">Nancy Yoko<\/td>\n<td style=\"width: 9.50496%;\"><a href=\"mailto:eventos@frea.edu.br\">eventos@frea.edu.br<\/a><\/td>\n<\/tr>\n<tr>\n<td style=\"width: 18.4149%;\" height=\"20\">Diretor Executivo<\/td>\n<td style=\"width: 15.9175%;\">Luiz Mourato Neto<\/td>\n<td style=\"width: 9.50496%;\"><a href=\"mailto:executivo@frea.edu.br\">executivo@frea.edu.br<\/a><\/td>\n<\/tr>\n<tr style=\"background-color: #c6cccc;\">\n<td style=\"width: 18.4149%;\" height=\"20\">Coord. Ens. Fundamental I<\/td>\n<td style=\"width: 15.9175%;\">Fernanda Masculi<\/td>\n<td style=\"width: 9.50496%;\"><a href=\"mailto:fundamental1@frea.edu.br\">fundamental1@frea.edu.br<\/a><\/td>\n<\/tr>\n<tr>\n<td style=\"width: 18.4149%;\" height=\"20\">Coord. Ens. Fundamental II<\/td>\n<td style=\"width: 15.9175%;\">Isis Lino Kemp Galhardo<\/td>\n<td style=\"width: 9.50496%;\"><a href=\"mailto:fundamental2@frea.edu.br\">fundamental2@frea.edu.br<\/a><\/td>\n<\/tr>\n<tr style=\"background-color: #c6cccc;\">\n<td style=\"width: 18.4149%;\" height=\"20\">Coord. Ens. Ensino M\u00e9dio<\/td>\n<td style=\"width: 15.9175%;\">Rosangela Ap. Araujo Ferreira<\/td>\n<td style=\"width: 9.50496%;\"><a href=\"mailto:ensinomedio@frea.edu.br\">ensinomedio@frea.edu.br<\/a><\/td>\n<\/tr>\n<tr>\n<td style=\"width: 18.4149%;\" height=\"20\">Financeiro<\/td>\n<td style=\"width: 15.9175%;\">Rog\u00e9rio Silvestre<\/td>\n<td style=\"width: 9.50496%;\"><a href=\"mailto:financeiro@frea.edu.br\">financeiro@frea.edu.br<\/a><\/td>\n<\/tr>\n<tr style=\"background-color: #c6cccc;\">\n<td style=\"width: 18.4149%;\" height=\"20\">Presidente<\/td>\n<td style=\"width: 15.9175%;\">Edson Gabriel da Silva<\/td>\n<td style=\"width: 9.50496%;\"><a href=\"mailto:presidente@frea.edu.br\">presidente@frea.edu.br<\/a><\/td>\n<\/tr>\n<tr>\n<td style=\"width: 18.4149%;\" height=\"20\">Protocolo<\/td>\n<td style=\"width: 15.9175%;\">Luana, Carlos, M\u00e1rcia<\/td>\n<td style=\"width: 9.50496%;\"><a href=\"mailto:protocolo@frea.edu.br\">protocolo@frea.edu.br<\/a><\/td>\n<\/tr>\n<tr style=\"background-color: #c6cccc;\">\n<td style=\"width: 18.4149%;\" height=\"20\">Secretaria Col\u00e9gio<\/td>\n<td style=\"width: 15.9175%;\">Aline<\/td>\n<td style=\"width: 9.50496%;\"><a href=\"mailto:colegio@frea.edu.br\">colegio@frea.edu.br<\/a><\/td>\n<\/tr>\n<tr>\n<td style=\"width: 18.4149%;\" height=\"20\">Secretaria Geral<\/td>\n<td style=\"width: 15.9175%;\">Regina Faria<\/td>\n<td style=\"width: 9.50496%;\"><a href=\"mailto:secretaria@frea.edu.br\">secretaria@frea.edu.br<\/a><\/td>\n<\/tr>\n<tr style=\"background-color: #c6cccc;\">\n<td style=\"width: 18.4149%;\" height=\"20\">Xerox<\/td>\n<td style=\"width: 15.9175%;\">Eliana<\/td>\n<td style=\"width: 9.50496%;\"><a href=\"mailto:xerox@frea.edu.br\">xerox@frea.edu.br<\/a><\/td>\n<\/tr>\n<\/tbody>\n<\/table>\n<\/div>\n<p>&nbsp;<\/p>\n<p>&nbsp;<\/p>\n<p>&nbsp;<\/p>\n<p>&nbsp;<\/p>\n","protected":false},"excerpt":{"rendered":"<p>E-mails Departamento Respons\u00e1vel E-mail Biblioteca Hetiane, Edson biblioteca@frea.edu.br CPD Erik cpd@frea.edu.br Dire\u00e7\u00e3o Col\u00e9gio Viviane Trench direcaocolegio@frea.edu.br Esporte Col\u00e9gio esportecolegio@frea.edu.br Eventos Col\u00e9gio Nancy Yoko eventos@frea.edu.br Diretor Executivo Luiz Mourato Neto executivo@frea.edu.br Coord. Ens.<a class=\"moretag\" href=\"https:\/\/www.colegioangloavare.com.br\/site\/contato\/emails\/\">Read More&#8230;<\/a><\/p>\n","protected":false},"author":3,"featured_media":0,"parent":33,"menu_order":0,"comment_status":"closed","ping_status":"closed","template":"","meta":{"cybocfi_hide_featured_image":"","footnotes":""},"class_list":["post-37","page","type-page","status-publish","hentry"],"yoast_head":"<!-- This site is optimized with the Yoast SEO plugin v27.4 - https:\/\/yoast.com\/product\/yoast-seo-wordpress\/ -->\n<title>Emails dos departamentos do col\u00e9gio Anglo Avar\u00e9<\/title>\n<meta name=\"description\" content=\"Entre em contato por um de nossos emails.\" \/>\n<meta name=\"robots\" content=\"index, follow, max-snippet:-1, max-image-preview:large, max-video-preview:-1\" \/>\n<link rel=\"canonical\" href=\"https:\/\/www.colegioangloavare.com.br\/site\/contato\/emails\/\" \/>\n<meta property=\"og:locale\" content=\"pt_BR\" \/>\n<meta property=\"og:type\" content=\"article\" \/>\n<meta property=\"og:title\" content=\"Emails dos departamentos do col\u00e9gio Anglo Avar\u00e9\" \/>\n<meta property=\"og:description\" content=\"Entre em contato por um de nossos emails.\" \/>\n<meta property=\"og:url\" content=\"https:\/\/www.colegioangloavare.com.br\/site\/contato\/emails\/\" \/>\n<meta property=\"og:site_name\" content=\"ANGLO AVAR\u00c9\" \/>\n<meta property=\"article:modified_time\" content=\"2026-03-20T18:06:10+00:00\" \/>\n<meta name=\"twitter:label1\" content=\"Est. tempo de leitura\" \/>\n\t<meta name=\"twitter:data1\" content=\"1 minuto\" \/>\n<script type=\"application\/ld+json\" class=\"yoast-schema-graph\">{\"@context\":\"https:\\\/\\\/schema.org\",\"@graph\":[{\"@type\":\"WebPage\",\"@id\":\"https:\\\/\\\/www.colegioangloavare.com.br\\\/site\\\/contato\\\/emails\\\/\",\"url\":\"https:\\\/\\\/www.colegioangloavare.com.br\\\/site\\\/contato\\\/emails\\\/\",\"name\":\"Emails dos departamentos do col\u00e9gio Anglo Avar\u00e9\",\"isPartOf\":{\"@id\":\"https:\\\/\\\/www.colegioangloavare.com.br\\\/site\\\/#website\"},\"datePublished\":\"2013-02-06T10:51:16+00:00\",\"dateModified\":\"2026-03-20T18:06:10+00:00\",\"description\":\"Entre em contato por um de nossos emails.\",\"breadcrumb\":{\"@id\":\"https:\\\/\\\/www.colegioangloavare.com.br\\\/site\\\/contato\\\/emails\\\/#breadcrumb\"},\"inLanguage\":\"pt-BR\",\"potentialAction\":[{\"@type\":\"ReadAction\",\"target\":[\"https:\\\/\\\/www.colegioangloavare.com.br\\\/site\\\/contato\\\/emails\\\/\"]}]},{\"@type\":\"BreadcrumbList\",\"@id\":\"https:\\\/\\\/www.colegioangloavare.com.br\\\/site\\\/contato\\\/emails\\\/#breadcrumb\",\"itemListElement\":[{\"@type\":\"ListItem\",\"position\":1,\"name\":\"In\u00edcio\",\"item\":\"https:\\\/\\\/www.colegioangloavare.com.br\\\/site\\\/\"},{\"@type\":\"ListItem\",\"position\":2,\"name\":\"D\u00favidas ou Sugest\u00f5es\",\"item\":\"https:\\\/\\\/www.colegioangloavare.com.br\\\/site\\\/contato\\\/\"},{\"@type\":\"ListItem\",\"position\":3,\"name\":\"Emails\"}]},{\"@type\":\"WebSite\",\"@id\":\"https:\\\/\\\/www.colegioangloavare.com.br\\\/site\\\/#website\",\"url\":\"https:\\\/\\\/www.colegioangloavare.com.br\\\/site\\\/\",\"name\":\"ANGLO AVAR\u00c9\",\"description\":\"Para os melhores professores, o melhor conte\u00fado. No Anglo, tudo come\u00e7a na sala de aula.\",\"potentialAction\":[{\"@type\":\"SearchAction\",\"target\":{\"@type\":\"EntryPoint\",\"urlTemplate\":\"https:\\\/\\\/www.colegioangloavare.com.br\\\/site\\\/?s={search_term_string}\"},\"query-input\":{\"@type\":\"PropertyValueSpecification\",\"valueRequired\":true,\"valueName\":\"search_term_string\"}}],\"inLanguage\":\"pt-BR\"}]}<\/script>\n<!-- \/ Yoast SEO plugin. -->","yoast_head_json":{"title":"Emails dos departamentos do col\u00e9gio Anglo Avar\u00e9","description":"Entre em contato por um de nossos emails.","robots":{"index":"index","follow":"follow","max-snippet":"max-snippet:-1","max-image-preview":"max-image-preview:large","max-video-preview":"max-video-preview:-1"},"canonical":"https:\/\/www.colegioangloavare.com.br\/site\/contato\/emails\/","og_locale":"pt_BR","og_type":"article","og_title":"Emails dos departamentos do col\u00e9gio Anglo Avar\u00e9","og_description":"Entre em contato por um de nossos emails.","og_url":"https:\/\/www.colegioangloavare.com.br\/site\/contato\/emails\/","og_site_name":"ANGLO AVAR\u00c9","article_modified_time":"2026-03-20T18:06:10+00:00","twitter_misc":{"Est. tempo de leitura":"1 minuto"},"schema":{"@context":"https:\/\/schema.org","@graph":[{"@type":"WebPage","@id":"https:\/\/www.colegioangloavare.com.br\/site\/contato\/emails\/","url":"https:\/\/www.colegioangloavare.com.br\/site\/contato\/emails\/","name":"Emails dos departamentos do col\u00e9gio Anglo Avar\u00e9","isPartOf":{"@id":"https:\/\/www.colegioangloavare.com.br\/site\/#website"},"datePublished":"2013-02-06T10:51:16+00:00","dateModified":"2026-03-20T18:06:10+00:00","description":"Entre em contato por um de nossos emails.","breadcrumb":{"@id":"https:\/\/www.colegioangloavare.com.br\/site\/contato\/emails\/#breadcrumb"},"inLanguage":"pt-BR","potentialAction":[{"@type":"ReadAction","target":["https:\/\/www.colegioangloavare.com.br\/site\/contato\/emails\/"]}]},{"@type":"BreadcrumbList","@id":"https:\/\/www.colegioangloavare.com.br\/site\/contato\/emails\/#breadcrumb","itemListElement":[{"@type":"ListItem","position":1,"name":"In\u00edcio","item":"https:\/\/www.colegioangloavare.com.br\/site\/"},{"@type":"ListItem","position":2,"name":"D\u00favidas ou Sugest\u00f5es","item":"https:\/\/www.colegioangloavare.com.br\/site\/contato\/"},{"@type":"ListItem","position":3,"name":"Emails"}]},{"@type":"WebSite","@id":"https:\/\/www.colegioangloavare.com.br\/site\/#website","url":"https:\/\/www.colegioangloavare.com.br\/site\/","name":"ANGLO AVAR\u00c9","description":"Para os melhores professores, o melhor conte\u00fado. No Anglo, tudo come\u00e7a na sala de aula.","potentialAction":[{"@type":"SearchAction","target":{"@type":"EntryPoint","urlTemplate":"https:\/\/www.colegioangloavare.com.br\/site\/?s={search_term_string}"},"query-input":{"@type":"PropertyValueSpecification","valueRequired":true,"valueName":"search_term_string"}}],"inLanguage":"pt-BR"}]}},"jetpack_sharing_enabled":true,"_links":{"self":[{"href":"https:\/\/www.colegioangloavare.com.br\/site\/wp-json\/wp\/v2\/pages\/37","targetHints":{"allow":["GET"]}}],"collection":[{"href":"https:\/\/www.colegioangloavare.com.br\/site\/wp-json\/wp\/v2\/pages"}],"about":[{"href":"https:\/\/www.colegioangloavare.com.br\/site\/wp-json\/wp\/v2\/types\/page"}],"author":[{"embeddable":true,"href":"https:\/\/www.colegioangloavare.com.br\/site\/wp-json\/wp\/v2\/users\/3"}],"replies":[{"embeddable":true,"href":"https:\/\/www.colegioangloavare.com.br\/site\/wp-json\/wp\/v2\/comments?post=37"}],"version-history":[{"count":41,"href":"https:\/\/www.colegioangloavare.com.br\/site\/wp-json\/wp\/v2\/pages\/37\/revisions"}],"predecessor-version":[{"id":36188,"href":"https:\/\/www.colegioangloavare.com.br\/site\/wp-json\/wp\/v2\/pages\/37\/revisions\/36188"}],"up":[{"embeddable":true,"href":"https:\/\/www.colegioangloavare.com.br\/site\/wp-json\/wp\/v2\/pages\/33"}],"wp:attachment":[{"href":"https:\/\/www.colegioangloavare.com.br\/site\/wp-json\/wp\/v2\/media?parent=37"}],"curies":[{"name":"wp","href":"https:\/\/api.w.org\/{rel}","templated":true}]}}